25. Suppose f*g - 605 = g. Is g a composite number?
True
Let y(w) = 3*w**3 - w**2 + 2*w - 3. Suppose c = 5*q - 8, 2*q + q - 5*c + 4 = 0. Let t be y(q). Suppose 6*r = 3*r + t. Is r a composite number?
False
Let o(r) = -2*r**3 - 2*r**2 + 1. Let s be o(1). Let v(z) = 24*z**2 + 1. Is v(s) composite?
True
Let d(g) = -g**2 - 5*g + 4. Let i be d(-5). Suppose q = -b - 3, 0*q - i*q - 18 = -2*b. Is -3 + 2 + 8*b prime?
True
Let h(y) = y**3 + 7*y**2 + 7*y + 7. Let g = -10 - -4. Let i be h(g). Is -1 - (-56)/i*1 prime?
False
Let m(t) = 18*t + 5 + 6*t + 6. Is m(5) composite?
False
Is 319 - 0*(-4)/12 a composite number?
True
Let r(m) = -m**2 + 5*m + 6. Let k be r(5). Let f(g) = -3 - 5*g**2 + 0*g - g**2 + g**3 + 4*g. Is f(k) a composite number?
True
Let j = 256 - 139. Suppose -2*w = -5*w + j. Is w composite?
True
Suppose 2*z - 89 = 293. Is z a composite number?
False
Suppose -2*c + 4 = -0. Let r = c - -1. Is (1*15 + -2)*r a composite number?
True
Suppose 153 = 2*a + 23. Let b = a - -76. Is 2 + 3 + -3 + b prime?
False
Let t(p) = -9*p - 8. Is t(-2) prime?
False
Let m be (-1 - (1 + -2))/(-1). Suppose -3*s + 151 = -0*s + 4*v, 4*s + v - 210 = m. Let c = s - 38. Is c a prime number?
False
Let s = 14 + -41. Is (-4)/18 + (-87)/s a prime number?
True
Suppose -153 = -4*v + 895. Let z = -175 + v. Is z a composite number?
True
Is ((-673)/1)/(3/(-21)) a prime number?
False
Let o(p) = p**3 - 8*p**2 + 8*p - 9. Let b be o(7). Let l be (b - 21/(-9))*12. Suppose -5*v = -2*h - 4*v + 68, l*h = 4*v + 132. Is h a prime number?
False
Let x(k) = -59*k + 1. Suppose 2*o - 9 - 4 = f, 4*o = f + 23. Is x(f) composite?
True
Suppose -3*h + 2802 = -4*t, t + 2*h + 769 = 63. Suppose -2*v + 3956 = 2*v. Let u = v + t. Is u prime?
False
Let f be 366/(-8) + 8/(-32). Let t be f/(-8) + (-2)/(-8). Suppose 2*u - t*u + 148 = 0. Is u a composite number?
False
Suppose 2*f - 3*f + 45 = 0. Let v be ((-8)/20)/(1/f). Is (-4)/6 - 390/v composite?
True
Let i(a) = 2*a**2 + 3*a. Let t be i(-2). Suppose 0*p = t*j - 3*p - 167, 5*j + p = 460. Is j/3 - 8/(-12) a composite number?
False
Is 508*2/(-8)*-2 composite?
True
Suppose -4*u + 7 = -17. Suppose -5*k - u + 36 = 0. Suppose 3*l = 5*l - k. Is l prime?
True
Let f(a) = -a**2 - 13*a + 2. Suppose -48 = -5*s + 2*s - k, -71 = -4*s + k. Let i = -26 + s. Is f(i) composite?
True
Let v(y) be the second derivative of y**5/10 - 5*y**4/12 + y**3/2 + 7*y**2/2 + 3*y. Is v(7) prime?
False
Let f be 10006/14 - 4/(-14). Is (f/(-10))/(2/(-4)) prime?
False
Suppose 5*s + 23 = h, 2 + 5 = -3*h - 4*s. Suppose 0 = 4*m - h*l - 739, -4*l + 760 = 3*m + m. Is m prime?
False
Let k be (-28)/(-8)*(1 - -1). Suppose -4*o + 1 = -k. Suppose -v - 102 = -o*u - 3*v, 2*u + v = 102. Is u composite?
True
Let k be 12*-2*(-2)/8. Let u(j) = 10*j - 5. Is u(k) composite?
True
Let h be ((-45)/6)/(1/(-2)). Suppose 2*m - h = m. Is m a prime number?
False
Let n = 160 - 107. Is n composite?
False
Suppose 0 = 2*m - 6*m. Suppose 0*s = 5*s. Suppose m = -s*r - 2*r + 158. Is r prime?
True
Suppose 5*i - 5*b + 310 - 1125 = 0, -5*b - 20 = 0. Is i a prime number?
False
Let z be ((-9)/6)/((-3)/4). Suppose i + 3*l = z*i - 305, 2*l = i - 301. Is i a composite number?
False
Let s(o) = -o**3 - 4*o**2 + 5*o + 1. Let a be s(-5). Is 69*(3/9)/a a prime number?
True
Let f be ((-2)/(-2))/(3/15). Suppose 3*s = f*s - 4. Suppose s*c - 70 + 0 = 0. Is c a composite number?
True
Suppose -i = -4*x - 4 - 29, 0 = -4*i + 2*x + 146. Let t = 16 + i. Is t composite?
False
Let a(n) = -193*n + 24. Is a(-9) a composite number?
True
Suppose -c + 4*c = -9. Let f be -5 + (-2 - c) + 1. Is (-33)/2*2/f a composite number?
False
Let t(a) = 13*a**2 - a - 1. Is t(-2) a prime number?
True
Is (-14)/28*(-1347 - -1) prime?
True
Suppose 4*t + 0*t = -288. Let l = t + 115. Is l a prime number?
True
Let g = -18 + 7. Let l = g - -7. Is (l/(-2))/((-2)/(-19)) composite?
False
Let o be 202/18 + (-10)/45. Suppose -263 = -2*q + o. Suppose 2*l + 19 - q = 0. Is l prime?
True
Let i = -1052 - -1915. Is i a prime number?
True
Let w = -1328 - -945. Is w/(-2) - 4/8 a composite number?
False
Suppose 4*w = 3*x + 631, 3*w - 2*x - 316 = w. Is w a composite number?
False
Let s(q) = q**2 - 6*q - 4. Let i be s(7). Suppose i*v - v - 116 = 0. Let z = 95 - v. Is z prime?
True
Let s(g) = 4*g**2 + 2*g + 1. Let d be s(-1). Suppose 5*c - 5*v = 30, 0*c - v - 22 = -d*c. Suppose 3*t - 173 = -c. Is t composite?
True
Let l = 31 - -17. Suppose -5*k = -u - 10*k + l, -u - 4*k = -49. Is u prime?
True
Let p be (6/9)/((-4)/(-6)). Suppose -p = -g + 2. Is g composite?
False
Suppose -r = -0*p + 4*p + 33, 0 = -4*r - 2*p - 174. Let s = 115 + -48. Let j = r + s. Is j a composite number?
True
Is (55/(-2))/(2/(-4)) prime?
False
Let k be (-2)/(-7) + (-4)/14. Suppose u + 4*u + 40 = k. Is (-54)/u + 1/4 a prime number?
True
Suppose 2*b - 408 - 674 = 0. Is b a prime number?
True
Suppose -5*w + 2*g + 7 = 17, 5*g + 6 = -3*w. Is ((-1)/w)/((-2)/(-92)) a composite number?
False
Let b(v) = -23*v + 10. Let m(c) = 12*c - 5. Let t(a) = 2*b(a) + 5*m(a). Is t(6) composite?
False
Let p(d) = d**3 + 2*d**2 - 14*d - 10. Let o(w) = w**3 + w**2 - 15*w - 10. Let u(q) = -5*o(q) + 6*p(q). Is u(-7) a prime number?
True
Let u be (-3 - (-5 - -2)) + -27. Let m = u + 46. Is m a prime number?
True
Let k(h) = h + 2*h**2 - 9 - 11*h - 3*h**2. Let t be k(-10). Is (1 + 2)/(t/(-66)) composite?
True
Suppose -5*u + 5339 = 1404. Is u a composite number?
False
Let u(g) = -g. Let n be u(3). Let x be 263*n/6*-2. Suppose -4*i = 5*f - 10*f - 265, 4*i - 3*f = x. Is i a prime number?
False
Let d(o) = -2*o + o + 3*o**2 + 2*o + 0 - 1. Is d(4) a prime number?
False
Suppose 12 = 2*x + t, -t - 12 = -2*x - 0*x. Suppose x*a - a = 355. Is a composite?
False
Let o(y) = 8*y - 7. Let h be o(8). Suppose 4*t - 8*t = -4*a - 92, -3*a = 3*t - h. Is (4/(-6))/((-2)/t) a prime number?
True
Let s(g) = -3*g**3 + 3*g**2 - 8*g - 9. Is s(-4) a composite number?
False
Suppose 5*o + 524 = -126. Let d = 12 + o. Let i = 207 + d. Is i a prime number?
True
Let w(d) = -2*d**3 - 4*d**2 + 3*d - 8. Is w(-5) prime?
True
Let l(c) = -9*c - 2. Let y be l(6). Let j = -67 + 34. Let a = j - y. Is a composite?
False
Let f = -10 + 21. Let z(p) be the second derivative of p**4/12 - p**3/3 + 5*p**2 - p. Is z(f) a composite number?
False
Suppose 5 = -4*t - 3, -4*m = -5*t - 786. Is m a composite number?
True
Let r = 423 + -710. Is (-1)/(-1) + (5 - r) prime?
True
Let k be 8/(-20) - (-3977)/5. Let t be k/(-35) - (-2)/(-7). Let x = t + 88. Is x a composite number?
True
Let m(x) = 189*x**2 - 4*x - 1. Is m(-2) prime?
False
Let q be 728/(-6)*27/6. Let b = 11 - q. Is b a prime number?
True
Suppose 0 = 3*i - 5*a - 49, -2*i + 4*i + 5*a + 9 = 0. Suppose 3*n - 4*q = 1 - 0, 3*n + i = -5*q. Is 23 - (-1 - n)/3 composite?
False
Suppose 4*m = 87 + 61. Let c = m - -1. Suppose c = -0*s + 2*s. Is s prime?
True
Let j(d) = d**3 - d**2 - d + 2369. Is j(0) a composite number?
True
Let c be -8 - (-7)/(7/(-2)). Let w = c - -16. Suppose 0 = -4*x + 3*m - w*m + 1216, -2*m + 1220 = 4*x. Is x composite?
False
Let a = 200 + 267. Is a a prime number?
True
Suppose 0 = 5*v - 2*u + 79 + 133, 4*u = 4*v + 160. Let k = v - -93. Is k a composite number?
True
Suppose -3*t - 465 = 2*q - 1221, 0 = -q + 4*t + 389. Let v(s) = 3*s**3 - s**2 + 2*s - 2. Let l be v(1). Suppose -5*i = -l*i - q. Is i composite?
False
Let x = 15 + -13. Suppose 0 = -x*u - u + 165. Is u a prime number?
False
Let v = -12 + 21. Is 2639/9 - 2/v a prime number?
True
Suppose -v + 5*y + 364 = 0, -4*v - 2*y = -7*y - 1531. Is v a prime number?
True
Let r = 953 + -666. Is r prime?
False
Let n(r) = 10*r**3 - 2*r + 1. Let a be n(3). Let v(l) = l**2 + 10*l - 24. Let h be v(-12). Suppose h = 5*j - a + 20. Is j prime?
False
Let r(g) = -70*g - 3. Let c be r(-5). Suppose -5*z + 5*s + 595 = 0, -5*z = 3*s - 248 - c. Is z a composite number?
True
Let d = -5 - -5. Suppose 2*t + o - 241 = -d*o, t + 3*o = 128. Is t prime?
False
Suppose -3*y + 9064 - 2240 = 5*n, -5*y + n + 11420 = 0. Is y a composite number?
True
Let g(d) = -d**3 + 7*d**2 - 5*d + 6. Let m be g(7). Let u be m/(4/2 + -3). Let l = 66 - u. Is l prime?
True
Let c = -100 + 219. Is c a prime number?
False
Let p(i) = 44*i**3 + 2*i**2 - i + 2. Let y be p(2). Suppose y = 3*w + s, -w = 3*w - 4*s - 464. Is w prime?
False
Suppose -3*a + 1